 the remainder when 1810 is divided by 22?
6
Calculate the remainder when 41 is divided by 28.
13
Calculate the remainder when 407 is divided by 35.
22
Calculate the remainder when 2181 is divided by 14.
11
Calculate the remainder when 1320 is divided by 95.
85
What is the remainder when 14065 is divided by 105?
100
Calculate the remainder when 409 is divided by 30.
19
What is the remainder when 38 is divided by 9?
2
Calculate the remainder when 1663 is divided by 32.
31
Calculate the remainder when 347 is divided by 155.
37
What is the remainder when 18 is divided by 4?
2
Calculate the remainder when 143 is divided by 22.
11
What is the remainder when 765 is divided by 35?
30
What is the remainder when 542 is divided by 463?
79
What is the remainder when 85 is divided by 43?
42
Calculate the remainder when 364 is divided by 164.
36
Calculate the remainder when 388 is divided by 35.
3
Calculate the remainder when 1469 is divided by 35.
34
What is the remainder when 548 is divided by 173?
29
Calculate the remainder when 1033 is divided by 221.
149
What is the remainder when 997 is divided by 25?
22
What is the remainder when 1365 is divided by 3?
0
What is the remainder when 1221 is divided by 41?
32
What is the remainder when 57 is divided by 10?
7
What is the remainder when 81 is divided by 6?
3
Calculate the remainder when 965 is divided by 11.
8
What is the remainder when 407 is divided by 46?
39
What is the remainder when 182 is divided by 85?
12
What is the remainder when 2120 is divided by 213?
203
Calculate the remainder when 857 is divided by 35.
17
What is the remainder when 118 is divided by 55?
8
Calculate the remainder when 2344 is divided by 23.
21
Calculate the remainder when 658 is divided by 6.
4
What is the remainder when 501 is divided by 9?
6
Calculate the remainder when 941 is divided by 233.
9
What is the remainder when 87 is divided by 36?
15
Calculate the remainder when 1299 is divided by 433.
0
Calculate the remainder when 89 is divided by 31.
27
Calculate the remainder when 230 is divided by 85.
60
What is the remainder when 2229 is divided by 5?
4
Calculate the remainder when 237 is divided by 30.
27
Calculate the remainder when 413 is divided by 200.
13
What is the remainder when 10655 is divided by 65?
60
Calculate the remainder when 410 is divided by 135.
5
Calculate the remainder when 580 is divided by 87.
58
What is the remainder when 46 is divided by 38?
8
Calculate the remainder when 7668 is divided by 13.
11
What is the remainder when 1176 is divided by 397?
382
What is the remainder when 928 is divided by 317?
294
Calculate the remainder when 218 is divided by 128.
90
Calculate the remainder when 568 is divided by 52.
48
What is the remainder when 9788 is divided by 204?
200
What is the remainder when 1012 is divided by 33?
22
Calculate the remainder when 4861 is divided by 76.
73
What is the remainder when 61 is divided by 49?
12
What is the remainder when 1187 is divided by 14?
11
What is the remainder when 56 is divided by 9?
2
Calculate the remainder when 81 is divided by 29.
23
What is the remainder when 170 is divided by 11?
5
Calculate the remainder when 1292 is divided by 36.
32
Calculate the remainder when 527 is divided by 5.
2
Calculate the remainder when 359 is divided by 171.
17
What is the remainder when 2943 is divided by 33?
6
Calculate the remainder when 158 is divided by 39.
2
What is the remainder when 9 is divided by 2?
1
Calculate the remainder when 121 is divided by 33.
22
What is the remainder when 2354 is divided by 293?
10
What is the remainder when 65600 is divided by 333?
332
Calculate the remainder when 898 is divided by 37.
10
What is the remainder when 708 is divided by 37?
5
Calculate the remainder when 482 is divided by 21.
20
Calculate the remainder when 199 is divided by 87.
25
Calculate the remainder when 14766 is divided by 9.
6
Calculate the remainder when 855 is divided by 78.
75
Calculate the remainder when 1077 is divided by 113.
60
Calculate the remainder when 61 is divided by 56.
5
Calculate the remainder when 727 is divided by 52.
51
What is the remainder when 1171 is divided by 23?
21
Calculate the remainder when 152 is divided by 64.
24
Calculate the remainder when 79 is divided by 16.
15
Calculate the remainder when 57 is divided by 20.
17
What is the remainder when 2448 is divided by 50?
48
What is the remainder when 279 is divided by 79?
42
What is the remainder when 88 is divided by 16?
8
What is the remainder when 622 is divided by 193?
43
What is the remainder when 768 is divided by 240?
48
What is the remainder when 217 is divided by 20?
17
Calculate the remainder when 1454 is divided by 52.
50
What is the remainder when 5452 is divided by 1363?
0
What is the remainder when 174 is divided by 89?
85
What is the remainder when 95 is divided by 52?
43
Calculate the remainder when 1768 is divided by 3.
1
What is the remainder when 45567 is divided by 49?
46
Calculate the remainder when 108 is divided by 23.
16
What is the remainder when 2055 is divided by 183?
42
Calculate the remainder when 1006 is divided by 101.
97
Calculate the remainder when 254 is divided by 22.
12
Calculate the remainder when 75112 is divided by 117.
115
What is the remainder when 276 is divided by 146?
130
What is the remainder when 383 is divided by 191?
1
Calculate the remainder when 1985 is divided by 136.
81
Calculate the remainder when 73 is divided by 32.
9
What is the remainder when 315 is divided by 6?
3
Calculate the remainder when 430 is divided by 152.
126
What is the remainder when 422 is divided by 144?
134
What is the remainder when 81 is divided by 51?
30
What is the remainder when 142 is divided by 21?
16
What is the remainder when 3850 is divided by 94?
90
What is the remainder when 118 is divided by 3?
1
What is the remainder when 62 is divided by 32?
30
What is the remainder when 262 is divided by 231?
31
What is the remainder when 118 is divided by 17?
16
What is the remainder when 211 is divided by 5?
1
Calculate the remainder when 6554 is divided by 298.
296
What is the remainder when 768 is divided by 22?
20
Calculate the remainder when 36 is divided by 10.
6
What is the remainder when 6190 is divided by 129?
127
What is the remainder when 107 is divided by 22?
19
Calculate the remainder when 455 is divided by 23.
18
What is the remainder when 846 is divided by 360?
126
Calculate the remainder when 63 is divided by 52.
11
Calculate the remainder when 548 is divided by 55.
53
What is the remainder when 165 is divided by 56?
53
What is the remainder when 266 is divided by 48?
26
What is the remainder when 220 is divided by 14?
10
What is the remainder when 700 is divided by 98?
14
What is the remainder when 3737 is divided by 19?
13
What is the remainder when 1688 is divided by 187?
5
What is the remainder when 367 is divided by 119?
10
What is the remainder when 419 is divided by 60?
59
Calculate the remainder when 200 is divided by 34.
30
Calculate the remainder when 156 is divided by 32.
28
Calculate the remainder when 6141 is divided by 166.
165
What is the remainder when 63 is divided by 19?
6
What is the remainder when 401 is divided by 28?
9
What is the remainder when 7362 is divided by 2454?
0
What is the remainder when 50 is divided by 20?
10
What is the remainder when 79 is divided by 20?
19
What is the remainder when 9223 is divided by 45?
43
Calculate the remainder when 33 is divided by 19.
14
Calculate the remainder when 1373 is divided by 153.
149
Calculate the remainder when 312 is divided by 80.
72
What is the remainder when 141 is divided by 11?
9
What is the remainder when 44 is divided by 16?
12
What is the remainder when 161 is divided by 82?
79
Calculate the remainder when 453 is divided by 56.
5
What is the remainder when 1772 is divided by 884?
4
Calculate the remainder when 313 is divided by 304.
9
Calculate the remainder when 4243 is divided by 235.
13
What is the remainder when 479 is divided by 98?
87
Calculate the remainder when 1708 is divided by 38.
36
Calculate the remainder when 1215 is divided by 16.
15
Calculate the remainder when 3234 is divided by 806.
10
What is the remainder when 51 is divided by 22?
7
Calculate the remainde